94244?
True
Is 8 a factor of 59083175?
False
Does 669 divide 81514305?
True
Does 18 divide 2125580892?
False
Does 3 divide 683831?
False
Does 154 divide 123346172?
False
Is 24 a factor of 495106680?
True
Is 22 a factor of 43119468?
False
Does 20 divide 1528239282?
False
Is 1117905750 a multiple of 225?
True
Is 1957012 a multiple of 60?
False
Is 37 a factor of 1533483983?
False
Is 68556 a multiple of 174?
True
Is 376 a factor of 560447552?
True
Is 2205973 a multiple of 13?
False
Is 81597321 a multiple of 351?
True
Is 429 a factor of 1300754598?
True
Is 78683353 a multiple of 25?
False
Is 4 a factor of 1223940?
True
Does 46 divide 204329470?
True
Is 13776039 a multiple of 387?
True
Is 12 a factor of 6214572?
True
Is 547437567 a multiple of 2?
False
Is 209081741 a multiple of 67?
True
Does 8 divide 47901248?
True
Is 276 a factor of 97882296?
True
Is 176 a factor of 12717368?
False
Does 12 divide 2060485770?
False
Does 1875 divide 1333947967?
False
Is 27 a factor of 295483464?
True
Is 8215650 a multiple of 90?
True
Does 514 divide 30951024?
True
Is 159 a factor of 395470627?
False
Does 145 divide 46903730?
True
Does 41 divide 271419905?
False
Does 13 divide 233017213?
True
Does 279 divide 115843524?
False
Is 1527 a factor of 19111932?
True
Does 2 divide 80074096?
True
Is 968 a factor of 30727144?
False
Is 224 a factor of 1218829146?
False
Is 73 a factor of 102686691?
True
Does 19 divide 362519639?
True
Is 1578 a factor of 63175230?
True
Does 16 divide 524020126?
False
Is 1068 a factor of 23140356?
True
Is 10906218 a multiple of 27?
True
Does 176 divide 1121711392?
False
Is 779 a factor of 2500920244?
False
Is 2900268 a multiple of 677?
True
Is 1788969914 a multiple of 47?
False
Is 124 a factor of 356359958?
False
Is 112132188 a multiple of 2058?
True
Does 57 divide 2301844232?
False
Does 39 divide 1427374324?
False
Is 139763068 a multiple of 64?
False
Is 86 a factor of 33797226?
True
Does 1853 divide 45563591?
False
Is 251 a factor of 679262575?
False
Is 663529 a multiple of 27?
False
Is 81 a factor of 58163137?
False
Is 2370283936 a multiple of 14?
False
Is 22 a factor of 464988468?
False
Is 6775906 a multiple of 79?
False
Is 5231904021 a multiple of 1359?
True
Is 25663975 a multiple of 9?
False
Is 234494410 a multiple of 10?
True
Is 2394 a factor of 1268057681?
False
Is 1433 a factor of 22564110?
False
Does 74 divide 1445664444?
True
Is 76713212 a multiple of 47?
True
Does 27 divide 98552522?
False
Is 294743613 a multiple of 61?
False
Does 40 divide 89424142?
False
Is 281475205 a multiple of 187?
True
Is 1007 a factor of 1528792930?
False
Does 12 divide 605453724?
True
Is 3086464 a multiple of 16?
True
Is 2714390 a multiple of 5?
True
Does 1956 divide 75464868?
False
Does 16 divide 854084937?
False
Is 234 a factor of 705711006?
True
Is 2080 a factor of 23718240?
True
Is 879 a factor of 1212827017?
False
Does 32 divide 21863104?
True
Is 1623 a factor of 113731185?
False
Does 58 divide 49394398?
False
Is 9977528 a multiple of 221?
False
Is 970 a factor of 81688109?
False
Is 147369360 a multiple of 5416?
True
Is 111 a factor of 30965143?
False
Does 5 divide 589019200?
True
Does 11 divide 570885131?
False
Does 2479 divide 62371640?
True
Does 341 divide 56572241?
True
Is 28236867 a multiple of 73?
False
Is 9785754 a multiple of 121?
True
Is 25 a factor of 31874713?
False
Is 14 a factor of 17643122?
True
Is 2926851648 a multiple of 318?
True
Is 58469088 a multiple of 32?
True
Is 40 a factor of 17275160?
True
Is 26 a factor of 407057067?
False
Is 192610089 a multiple of 189?
True
Is 70 a factor of 1480142370?
True
Is 24 a factor of 25560010?
False
Is 80142393 a multiple of 249?
True
Does 88 divide 34182984?
True
Does 679 divide 34952309?
False
Is 346315260 a multiple of 23?
False
Is 140362600 a multiple of 4280?
True
Does 3 divide 207595083?
True
Is 3478398822 a multiple of 157?
False
Does 1637 divide 32144424?
False
Is 891797639 a multiple of 1453?
True
Is 7035229 a multiple of 92?
False
Is 7370 a factor of 1377976270?
True
Is 214846088 a multiple of 64?
False
Is 83543628 a multiple of 4606?
True
Is 357 a factor of 120221959?
False
Is 53 a factor of 300192636?
True
Is 204827853 a multiple of 5?
False
Is 395 a factor of 91567320?
True
Is 418 a factor of 441946629?
False
Is 19 a factor of 1366320831?
False
Is 18270315 a multiple of 105?
True
Does 269 divide 5071099230?
True
Is 10 a factor of 692965120?
True
Does 111 divide 82203760?
False
Is 10937322 a multiple of 775?
False
Does 18 divide 35991324?
True
Does 394 divide 14968628?
False
Is 3655858 a multiple of 1215?
False
Is 629 a factor of 259017797?
True
Is 564 a factor of 126644040?
False
Does 147 divide 128907254?
False
Does 158 divide 48424714?
False
Is 382456367 a multiple of 4?
False
Is 6072138 a multiple of 18?
True
Does 163 divide 20276059?
True
Is 213359055 a multiple of 41?
False
Is 4788 a factor of 3688521984?
True
Is 3320 a factor of 72425800?
True
Does 57 divide 1126163147?
False
Is 186 a factor of 451987181?
False
Does 186 divide 909813792?
True
Is 4392 a factor of 48729240?
True
Is 14 a factor of 100549456?
True
Is 30311928 a multiple of 18?
True
Does 5 divide 417017579?
False
Does 65 divide 1518400?
True
Does 698 divide 31482592?
True
Is 73803697 a multiple of 2?
False
Does 462 divide 17384141?
False
Is 22 a factor of 29078578?
False
Does 4313 divide 862254351?
False
Does 12 divide 5137620?
True
Is 79 a factor of 159078903?
True
Is 7 a factor of 36585323?
False
Does 9 divide 217440?
True
Is 5 a factor of 1152482325?
True
Is 112055714 a multiple of 280?
False
Is 34 a factor of 349319351?
False
Is 3104248 a multiple of 17?
False
Is 351 a factor of 18500883?
False
Is 168 a factor of 578112192?
True
Is 13 a factor of 533640530?
False
Is 144611052 a multiple of 40?
False
Does 52 divide 54317432?
True
Is 658 a factor of 521940076?
True
Does 209 divide 69474302?
False
Is 19688310 a multiple of 90?
True
Does 856 divide 57566951?
False
Is 41 a factor of 827355687?
True
Is 132174924 a multiple of 42?
True
Is 2 a factor of 2452624?
True
Is 929969080 a multiple of 355?
False
Is 5573 a factor of 2369093446?
True
Does 208 divide 17647760?
True
Does 87 divide 3529677?
True
Is 67 a factor of 113415654?
False
Is 1024362034 a multiple of 12?
False
Is 128 a factor of 13603072?
True
Is 22980804 a multiple of 187?
True
Does 40 divide 131885313?
False
Is 81 a factor of 9057109?
False
Does 814 divide 20347558?
True
Is 9091231 a multiple of 2?
False
Does 114 divide 26745426?
True
Is 432874884 a multiple of 156?
True
Is 93404150 a multiple of 943?
True
Does 14 divide 48080802?
True
Does 29 divide 174520938?
False
Is 3331179 a multiple of 103?
False
Is 741 a factor of 135007236?
True
Is 12 a factor of 359097888?
True
Is 13 a factor of 72357766?
True
Is 9 a factor of 215870211?
True
Is 256645464 a multiple of 76?
True
Is 9 a factor of 29022237?
True
Is 187 a factor of 642836062?
True
Is 60435617 a multiple of 1171?
False
Is 1365 a factor of 564924916?
False
Does 6 divide 147200088?
True
Does 1195 divide 416374367?
False
Is 22 a factor of 520900743?
False
Is 930 a factor of 65645910?
True
Is 1634696030 a multiple of 55?
True
Is 3 a factor of 2326592?
False
Is 170641975 a multiple of 344?
False
Is 38883673 a multiple of 105?
False
Does 290 divide 551535630?
True
Is 20885316 a multiple of 34?
True
Does 232 divide 48346825?
False
Is 791789172 a multiple of 5906?
False
Does 8 divide 431292456?
True
Does 555 divide 355100100?
True
Does 650 divide 666250?
True
Is 13 a factor of 30572161?
False
Is 6474576618 a multiple of 3858?
True
Does 36 divide 2545571?
False
Is 931429996 a multiple of 36?
False
Is 22 a factor of 190337833?
False
Is 14 a factor of 8551704?
True
Does 40 divide 172474777?
False
Does 72 divide 85384441?
False
Is 1729 a factor of 2018946384?
True
Is 1031 a factor of 111571275?
False
Is 74919477 a multiple of 21?
False
Is 19 a factor of 15637513?
True
Does 2068 divide 675030356?
True
Does 41 divide 254651820?
True
Is 2184 a factor of 13909896?
True
Is 191269512 a multiple of 84?
True
Is 849 a factor of 131697118?
False
Does 14 divide 152432809?
False
Is 81995956 a multiple of 28?
True
Is 348911993 a multiple of 11?
False
Is 1046462465 a multiple of 18?
False
Is 1726 a factor of 569734798?
False
Does 2